{"id":1210,"date":"2024-03-18T06:27:34","date_gmt":"2024-03-18T04:27:34","guid":{"rendered":"https:\/\/effik.ch\/hcp\/?page_id=1210"},"modified":"2025-11-11T17:17:32","modified_gmt":"2025-11-11T15:17:32","slug":"schwangerschaft-und-stillzeit","status":"publish","type":"page","link":"https:\/\/effik.ch\/hcp\/gynakologie\/schwangerschaft-und-stillzeit\/","title":{"rendered":"Schwangerschaft und Stillzeit"},"content":{"rendered":"<div id=\"block_92605e862ff604fd8f97fa723f2946ab\" class=\"hero-block alignfull\" style=\"background-image: url(https:\/\/effik.ch\/hcp\/wp-content\/uploads\/sites\/2\/2024\/03\/desire-of-child.jpg)\">\n\t<div class=\"wrap\">\n\t\t\t\t<h1 class=\"entry-title\">Schwangerschaft und Stillzeit<\/h1>\n\t\t\t<\/div>\n<\/div>\n\n\n<div id=\"block_a58fac7f9e0ae134bf0b91e67cd3bd19\" class=\"secondary-menu-block alignfull\" style=\"\">\n<ul class=\"secondary-menu-container\">\n\t\t\t<li class=\"secondary-menu-item\">\n\t\t\t<a class=\"secondary-menu-item__content\" href=\"#cariban\">Cariban<sup>\u00ae<\/sup><\/a>\n\t\t<\/li>\n\t\t\t\t<li class=\"secondary-menu-item\">\n\t\t\t<a class=\"secondary-menu-item__content\" href=\"#natalben\">Die NATALBEN<sup>\u00ae<\/sup> Familie<\/a>\n\t\t<\/li>\n\t\t\t\t<li class=\"secondary-menu-item\">\n\t\t\t<a class=\"secondary-menu-item__content\" href=\"#fertifol\">Fertifol<sup>\u00ae<\/sup><\/a>\n\t\t<\/li>\n\t\t\t<\/ul>\n\t<\/div>\n\n\n<div id=\"block_a5533ccc9e1bb4fb70d46dad3ec94613\" class=\"hero-text-block mbl-border-0 alignfull\" style=\"\">\n\t<div class=\"wrap\">\n\t\t\t\t<h2 class=\"section-title\" style=\"max-width: px;\">Mutter werden<\/h2>\n\t\t\t\t\t\t\t<div class=\"hero-text\"><p>Der Kinderwunsch ist f\u00fcr viele Frauen ein zentrales Thema und Mutterschaft eine der bedeutendsten Erfahrungen in ihrem Leben. Es ist eine Zeit grosser Freude, aber auch der Ver\u00e4nderung und Herausforderung. Wir unterst\u00fctzen die Frauen auf diesem Weg. Denn: Eine gesunde Schwangerschaft ist zentral f\u00fcr die optimale Entwicklung des Kindes und das Wohlbefinden der Mutter.<\/p>\n<\/div>\n\t\t\t<\/div>\n<\/div>\n\n\n<div id=\"cariban\" class=\"inner-hero-block spaced-p product-img-vertical-85 alignfull hero-mbl-column\" style=\"background-image: url(https:\/\/effik.ch\/hcp\/wp-content\/uploads\/sites\/2\/2024\/03\/cariban-bg.svg)\">\n<div class=\"anchor-div\"><\/div>\n\n\t\t\t<div class=\"inner-hero-bg-mbl\" style=\"background-image: url(https:\/\/effik.ch\/hcp\/wp-content\/uploads\/sites\/2\/2024\/03\/cariban-bg.svg); aspect-ratio:393\/200; min-height:200px;\">\n\t<div class=\"img-container\"><img loading=\"lazy\" decoding=\"async\" width=\"454\" height=\"337\" src=\"https:\/\/effik.ch\/hcp\/wp-content\/uploads\/sites\/2\/2024\/03\/cariban.png\" class=\"attachment-large size-large\" alt=\"\" srcset=\"https:\/\/effik.ch\/hcp\/wp-content\/uploads\/sites\/2\/2024\/03\/cariban.png 454w, https:\/\/effik.ch\/hcp\/wp-content\/uploads\/sites\/2\/2024\/03\/cariban-300x223.png 300w\" sizes=\"auto, (max-width: 454px) 100vw, 454px\" \/><\/div>\n\t\t\t\t\t<\/div>\n\t<div class=\"wrap\" style=\"flex-direction: row;\">\n\t\t<div class=\"img-container\" style=\"justify-content: flex-start; max-height: 554px; width: calc(100% - 455px);\"><img loading=\"lazy\" decoding=\"async\" width=\"454\" height=\"337\" src=\"https:\/\/effik.ch\/hcp\/wp-content\/uploads\/sites\/2\/2024\/03\/cariban.png\" class=\"attachment-large size-large\" alt=\"\" srcset=\"https:\/\/effik.ch\/hcp\/wp-content\/uploads\/sites\/2\/2024\/03\/cariban.png 454w, https:\/\/effik.ch\/hcp\/wp-content\/uploads\/sites\/2\/2024\/03\/cariban-300x223.png 300w\" sizes=\"auto, (max-width: 454px) 100vw, 454px\" \/><\/div>\n\t\t\t<div class=\"content-container\" style=\"text-align: right;\">\n\t\t\t\t\t\t<h2 class=\"section-title\">Cariban<sup>\u00ae<\/sup><\/h2>\n\t\t\t\t\t\t\t\t\t<div class=\"section-content font-small\" style=\"max-width: 455px; align-self: flex-end;\"><p><strong>\u00dcbelkeit w\u00e4hrend der Schwangerschaft<\/strong><\/p>\n<p>In der Schweiz leiden etwa 71% der schwangeren Frauen an \u00dcbelkeit, sch\u00e4tzungsweise die H\u00e4lfte von ihnen auch an Erbrechen.<\/p>\n<p>Unser Ziel ist es, betroffenen Frauen zu helfen, diese Herausforderung zu bew\u00e4ltigen und ihre Schwangerschaft so angenehm wie m\u00f6glich zu gestalten.<\/p>\n<\/div>\n\t\t\t\t\t\t\t\t\t\t<a class=\"blue-button\" style=\"align-self: flex-end;\" href=\"https:\/\/effik.ch\/hcp\/gynakologie\/schwangerschaft-und-stillzeit\/cariban\/\" target=\"_self\">Entdecken Sie Cariban<sup>\u00ae<\/sup><\/a>\n\t\t\t\t\t<\/div>\n\t<\/div>\n<\/div>\n<style>\n\t.inner-hero-block {\n\t\t@media (min-width: 768px) {\n\t\taspect-ratio:  \/ 554; \n\t\tmin-height: 554px;\n\t\t}\n\t}\n<\/style>\n\n\n<div id=\"natalben\" class=\"inner-hero-block spaced-p product-img-vertical-85 alignfull hero-mbl-column\" style=\"background-image: url(https:\/\/effik.ch\/hcp\/wp-content\/uploads\/sites\/2\/2024\/03\/natalben-bg.svg)\">\n<div class=\"anchor-div\"><\/div>\n\n\t\t\t\n\t\t<div class=\"inner-hero-bg-mbl\" style=\"background-image: url(https:\/\/effik.ch\/hcp\/wp-content\/uploads\/sites\/2\/2024\/03\/natalben-bg.svg); aspect-ratio:393\/200; min-height:200px;\">\n\t\t<div class=\"img-gal-container\">\n\t\t\t<div class=\"swiper image-gallery\"><div class=\"swiper-wrapper\"><div class=\"swiper-slide\"><img loading=\"lazy\" decoding=\"async\" width=\"800\" height=\"556\" src=\"https:\/\/effik.ch\/hcp\/wp-content\/uploads\/sites\/2\/2024\/05\/Pre-natalben-pack-2022.png\" class=\"slide-image\" alt=\"EFFIK\" srcset=\"https:\/\/effik.ch\/hcp\/wp-content\/uploads\/sites\/2\/2024\/05\/Pre-natalben-pack-2022.png 800w, https:\/\/effik.ch\/hcp\/wp-content\/uploads\/sites\/2\/2024\/05\/Pre-natalben-pack-2022-300x209.png 300w, https:\/\/effik.ch\/hcp\/wp-content\/uploads\/sites\/2\/2024\/05\/Pre-natalben-pack-2022-768x534.png 768w\" sizes=\"auto, (max-width: 800px) 100vw, 800px\" \/><\/div><div class=\"swiper-slide\"><img loading=\"lazy\" decoding=\"async\" width=\"800\" height=\"590\" src=\"https:\/\/effik.ch\/hcp\/wp-content\/uploads\/sites\/2\/2024\/05\/Natalben-pluspack-2022.png\" class=\"slide-image\" alt=\"EFFIK\" srcset=\"https:\/\/effik.ch\/hcp\/wp-content\/uploads\/sites\/2\/2024\/05\/Natalben-pluspack-2022.png 800w, https:\/\/effik.ch\/hcp\/wp-content\/uploads\/sites\/2\/2024\/05\/Natalben-pluspack-2022-300x221.png 300w, https:\/\/effik.ch\/hcp\/wp-content\/uploads\/sites\/2\/2024\/05\/Natalben-pluspack-2022-768x566.png 768w\" sizes=\"auto, (max-width: 800px) 100vw, 800px\" \/><\/div><div class=\"swiper-slide\"><img loading=\"lazy\" decoding=\"async\" width=\"504\" height=\"481\" src=\"https:\/\/effik.ch\/hcp\/wp-content\/uploads\/sites\/2\/2024\/06\/Natalben-Oro-vegan.png\" class=\"slide-image\" alt=\"EFFIK\" srcset=\"https:\/\/effik.ch\/hcp\/wp-content\/uploads\/sites\/2\/2024\/06\/Natalben-Oro-vegan.png 504w, https:\/\/effik.ch\/hcp\/wp-content\/uploads\/sites\/2\/2024\/06\/Natalben-Oro-vegan-300x286.png 300w\" sizes=\"auto, (max-width: 504px) 100vw, 504px\" \/><\/div><div class=\"swiper-slide\"><img loading=\"lazy\" decoding=\"async\" width=\"800\" height=\"575\" src=\"https:\/\/effik.ch\/hcp\/wp-content\/uploads\/sites\/2\/2024\/05\/Natalben-mama-pack-2022.png\" class=\"slide-image\" alt=\"EFFIK\" srcset=\"https:\/\/effik.ch\/hcp\/wp-content\/uploads\/sites\/2\/2024\/05\/Natalben-mama-pack-2022.png 800w, https:\/\/effik.ch\/hcp\/wp-content\/uploads\/sites\/2\/2024\/05\/Natalben-mama-pack-2022-300x216.png 300w, https:\/\/effik.ch\/hcp\/wp-content\/uploads\/sites\/2\/2024\/05\/Natalben-mama-pack-2022-768x552.png 768w\" sizes=\"auto, (max-width: 800px) 100vw, 800px\" \/><\/div><\/div><div class=\"swiper-pagination-img-gallery\"><\/div><\/div>\t\t<\/div>\n\t\t\t\t\t\t<\/div>\n\t<div class=\"wrap\" style=\"flex-direction: row-reverse;\">\n\t<div class=\"swiper image-gallery\"><div class=\"swiper-wrapper\"><div class=\"swiper-slide\"><img loading=\"lazy\" decoding=\"async\" width=\"800\" height=\"556\" src=\"https:\/\/effik.ch\/hcp\/wp-content\/uploads\/sites\/2\/2024\/05\/Pre-natalben-pack-2022.png\" class=\"slide-image\" alt=\"EFFIK\" srcset=\"https:\/\/effik.ch\/hcp\/wp-content\/uploads\/sites\/2\/2024\/05\/Pre-natalben-pack-2022.png 800w, https:\/\/effik.ch\/hcp\/wp-content\/uploads\/sites\/2\/2024\/05\/Pre-natalben-pack-2022-300x209.png 300w, https:\/\/effik.ch\/hcp\/wp-content\/uploads\/sites\/2\/2024\/05\/Pre-natalben-pack-2022-768x534.png 768w\" sizes=\"auto, (max-width: 800px) 100vw, 800px\" \/><\/div><div class=\"swiper-slide\"><img loading=\"lazy\" decoding=\"async\" width=\"800\" height=\"590\" src=\"https:\/\/effik.ch\/hcp\/wp-content\/uploads\/sites\/2\/2024\/05\/Natalben-pluspack-2022.png\" class=\"slide-image\" alt=\"EFFIK\" srcset=\"https:\/\/effik.ch\/hcp\/wp-content\/uploads\/sites\/2\/2024\/05\/Natalben-pluspack-2022.png 800w, https:\/\/effik.ch\/hcp\/wp-content\/uploads\/sites\/2\/2024\/05\/Natalben-pluspack-2022-300x221.png 300w, https:\/\/effik.ch\/hcp\/wp-content\/uploads\/sites\/2\/2024\/05\/Natalben-pluspack-2022-768x566.png 768w\" sizes=\"auto, (max-width: 800px) 100vw, 800px\" \/><\/div><div class=\"swiper-slide\"><img loading=\"lazy\" decoding=\"async\" width=\"504\" height=\"481\" src=\"https:\/\/effik.ch\/hcp\/wp-content\/uploads\/sites\/2\/2024\/06\/Natalben-Oro-vegan.png\" class=\"slide-image\" alt=\"EFFIK\" srcset=\"https:\/\/effik.ch\/hcp\/wp-content\/uploads\/sites\/2\/2024\/06\/Natalben-Oro-vegan.png 504w, https:\/\/effik.ch\/hcp\/wp-content\/uploads\/sites\/2\/2024\/06\/Natalben-Oro-vegan-300x286.png 300w\" sizes=\"auto, (max-width: 504px) 100vw, 504px\" \/><\/div><div class=\"swiper-slide\"><img loading=\"lazy\" decoding=\"async\" width=\"800\" height=\"575\" src=\"https:\/\/effik.ch\/hcp\/wp-content\/uploads\/sites\/2\/2024\/05\/Natalben-mama-pack-2022.png\" class=\"slide-image\" alt=\"EFFIK\" srcset=\"https:\/\/effik.ch\/hcp\/wp-content\/uploads\/sites\/2\/2024\/05\/Natalben-mama-pack-2022.png 800w, https:\/\/effik.ch\/hcp\/wp-content\/uploads\/sites\/2\/2024\/05\/Natalben-mama-pack-2022-300x216.png 300w, https:\/\/effik.ch\/hcp\/wp-content\/uploads\/sites\/2\/2024\/05\/Natalben-mama-pack-2022-768x552.png 768w\" sizes=\"auto, (max-width: 800px) 100vw, 800px\" \/><\/div><\/div><div class=\"swiper-pagination-img-gallery\"><\/div><\/div>\t<div class=\"content-container\" style=\"text-align: left;\">\n\t\t\t\t\t\t<h2 class=\"section-title\">Die NATALBEN<sup>\u00ae<\/sup> Familie<\/h2>\n\t\t\t\t\t\t\t\t\t<div class=\"section-content font-small\" style=\"max-width: 457px; align-self: flex-start;\"><p><strong>Supplementierung f\u00fcr Schwangere &amp; Stillende<\/strong><\/p>\n<p>Eine ausgewogene Ern\u00e4hrung ist w\u00e4hrend der Schwangerschaft entscheidend, aber nicht immer ausreichend, um den erh\u00f6hten N\u00e4hrstoffbedarf zu decken.<\/p>\n<p>Unsere NATALBEN<sup>\u00ae<\/sup>-Nahrungserg\u00e4nzungsmittel sind darauf ausgerichtet, Frauen ab dem Kinderwunsch, w\u00e4hrend der Schwangerschaft und bis zum Ende der Stillzeit zu begleiten. Sie tragen zur optimalen Entwicklung des Kindes bei und unterst\u00fctzen gleichzeitig das Wohlbefinden der Mutter.<\/p>\n<\/div>\n\t\t\t\t\t\t\t\t\t\t<a class=\"blue-button\" style=\"align-self: flex-start;\" href=\"https:\/\/effik.ch\/hcp\/gynakologie\/schwangerschaft-und-stillzeit\/la-famille-natalben\/\" target=\"_self\">Entdecken Sie die NATALBEN<sup>\u00ae<\/sup>  Familie<\/a>\n\t\t\t\t\t<\/div>\n\t<\/div>\n<\/div>\n<style>\n\t.inner-hero-block {\n\t\t@media (min-width: 768px) {\n\t\taspect-ratio:  \/ 655; \n\t\tmin-height: 655px;\n\t\t}\n\t}\n<\/style>\n\n\n<div id=\"fertifol\" class=\"inner-hero-block spaced-p product-img-vertical-85 alignfull hero-mbl-column\" style=\"background-image: url(https:\/\/effik.ch\/hcp\/wp-content\/uploads\/sites\/2\/2024\/03\/fertifol-bg.svg)\">\n<div class=\"anchor-div\"><\/div>\n\n\t\t\t<div class=\"inner-hero-bg-mbl\" style=\"background-image: url(https:\/\/effik.ch\/hcp\/wp-content\/uploads\/sites\/2\/2024\/03\/fertifol-bg.svg); aspect-ratio:393\/200; min-height:200px;\">\n\t<div class=\"img-container\"><img loading=\"lazy\" decoding=\"async\" width=\"400\" height=\"382\" src=\"https:\/\/effik.ch\/hcp\/wp-content\/uploads\/sites\/2\/2024\/03\/fertifol.png\" class=\"attachment-large size-large\" alt=\"\" srcset=\"https:\/\/effik.ch\/hcp\/wp-content\/uploads\/sites\/2\/2024\/03\/fertifol.png 400w, https:\/\/effik.ch\/hcp\/wp-content\/uploads\/sites\/2\/2024\/03\/fertifol-300x287.png 300w\" sizes=\"auto, (max-width: 400px) 100vw, 400px\" \/><\/div>\n\t\t\t\t\t<\/div>\n\t<div class=\"wrap\" style=\"flex-direction: row;\">\n\t\t<div class=\"img-container\" style=\"justify-content: flex-start; max-height: 552px; width: calc(100% - 455px);\"><img loading=\"lazy\" decoding=\"async\" width=\"400\" height=\"382\" src=\"https:\/\/effik.ch\/hcp\/wp-content\/uploads\/sites\/2\/2024\/03\/fertifol.png\" class=\"attachment-large size-large\" alt=\"\" srcset=\"https:\/\/effik.ch\/hcp\/wp-content\/uploads\/sites\/2\/2024\/03\/fertifol.png 400w, https:\/\/effik.ch\/hcp\/wp-content\/uploads\/sites\/2\/2024\/03\/fertifol-300x287.png 300w\" sizes=\"auto, (max-width: 400px) 100vw, 400px\" \/><\/div>\n\t\t\t<div class=\"content-container\" style=\"text-align: right;\">\n\t\t\t\t\t\t<h2 class=\"section-title\">Fertifol<sup>\u00ae<\/sup><\/h2>\n\t\t\t\t\t\t\t\t\t<div class=\"section-content font-small\" style=\"max-width: 455px; align-self: flex-end;\"><p>Besonders bei schwangeren Frauen und Frauen, welche eine Schwangerschaft planen, ist eine richtige Dosierung der Fols\u00e4ure f\u00fcr die Entwicklung des Kindes wichtig. Ein Fols\u00e4uremangel in den ersten Wochen der Schwangerschaft kann zu Missbildungen beim Kind f\u00fchren.<\/p>\n<p>Fertifol<sup>\u00ae<\/sup> wird bei einem erh\u00f6hten Fols\u00e4urebedarf vor und w\u00e4hrend der Schwangerschaft und der Stillzeit abgegeben.<\/p>\n<\/div>\n\t\t\t\t\t\t\t\t\t\t<a class=\"blue-button\" style=\"align-self: flex-end;\" href=\"https:\/\/effik.ch\/hcp\/gynakologie\/schwangerschaft-und-stillzeit\/fertifol\/\" target=\"_self\">Entdecken Sie Fertifol<sup>\u00ae<\/sup><\/a>\n\t\t\t\t\t<\/div>\n\t<\/div>\n<\/div>\n<style>\n\t.inner-hero-block {\n\t\t@media (min-width: 768px) {\n\t\taspect-ratio:  \/ 552; \n\t\tmin-height: 552px;\n\t\t}\n\t}\n<\/style>\n","protected":false},"excerpt":{"rendered":"","protected":false},"author":1,"featured_media":0,"parent":66,"menu_order":0,"comment_status":"closed","ping_status":"closed","template":"","meta":{"_acf_changed":false,"footnotes":""},"class_list":{"2":"type-page","4":"hentry"},"acf":[],"yoast_head":"<!-- This site is optimized with the Yoast SEO plugin v25.1 - https:\/\/yoast.com\/wordpress\/plugins\/seo\/ -->\n<title>Schwangerschaft und Stillzeit - EFFIK HCP<\/title>\n<meta name=\"robots\" content=\"index, follow, max-snippet:-1, max-image-preview:large, max-video-preview:-1\" \/>\n<link rel=\"canonical\" href=\"https:\/\/effik.ch\/hcp\/gynakologie\/schwangerschaft-und-stillzeit\/\" \/>\n<meta property=\"og:locale\" content=\"de_DE\" \/>\n<meta property=\"og:type\" content=\"article\" \/>\n<meta property=\"og:title\" content=\"Schwangerschaft und Stillzeit - EFFIK HCP\" \/>\n<meta property=\"og:url\" content=\"https:\/\/effik.ch\/hcp\/gynakologie\/schwangerschaft-und-stillzeit\/\" \/>\n<meta property=\"og:site_name\" content=\"EFFIK HCP\" \/>\n<meta property=\"article:modified_time\" content=\"2025-11-11T15:17:32+00:00\" \/>\n<meta name=\"twitter:card\" content=\"summary_large_image\" \/>\n<script type=\"application\/ld+json\" class=\"yoast-schema-graph\">{\"@context\":\"https:\/\/schema.org\",\"@graph\":[{\"@type\":\"WebPage\",\"@id\":\"https:\/\/effik.ch\/hcp\/gynakologie\/schwangerschaft-und-stillzeit\/\",\"url\":\"https:\/\/effik.ch\/hcp\/gynakologie\/schwangerschaft-und-stillzeit\/\",\"name\":\"Schwangerschaft und Stillzeit - EFFIK HCP\",\"isPartOf\":{\"@id\":\"https:\/\/effik.ch\/hcp\/#website\"},\"datePublished\":\"2024-03-18T04:27:34+00:00\",\"dateModified\":\"2025-11-11T15:17:32+00:00\",\"breadcrumb\":{\"@id\":\"https:\/\/effik.ch\/hcp\/gynakologie\/schwangerschaft-und-stillzeit\/#breadcrumb\"},\"inLanguage\":\"de\",\"potentialAction\":[{\"@type\":\"ReadAction\",\"target\":[\"https:\/\/effik.ch\/hcp\/gynakologie\/schwangerschaft-und-stillzeit\/\"]}]},{\"@type\":\"BreadcrumbList\",\"@id\":\"https:\/\/effik.ch\/hcp\/gynakologie\/schwangerschaft-und-stillzeit\/#breadcrumb\",\"itemListElement\":[{\"@type\":\"ListItem\",\"position\":1,\"name\":\"Home\",\"item\":\"https:\/\/effik.ch\/hcp\/\"},{\"@type\":\"ListItem\",\"position\":2,\"name\":\"Schwangerschaft und Stillzeit\"}]},{\"@type\":\"WebSite\",\"@id\":\"https:\/\/effik.ch\/hcp\/#website\",\"url\":\"https:\/\/effik.ch\/hcp\/\",\"name\":\"EFFIK HCP\",\"description\":\"\",\"potentialAction\":[{\"@type\":\"SearchAction\",\"target\":{\"@type\":\"EntryPoint\",\"urlTemplate\":\"https:\/\/effik.ch\/hcp\/?s={search_term_string}\"},\"query-input\":{\"@type\":\"PropertyValueSpecification\",\"valueRequired\":true,\"valueName\":\"search_term_string\"}}],\"inLanguage\":\"de\"}]}<\/script>\n<!-- \/ Yoast SEO plugin. -->","yoast_head_json":{"title":"Schwangerschaft und Stillzeit - EFFIK HCP","robots":{"index":"index","follow":"follow","max-snippet":"max-snippet:-1","max-image-preview":"max-image-preview:large","max-video-preview":"max-video-preview:-1"},"canonical":"https:\/\/effik.ch\/hcp\/gynakologie\/schwangerschaft-und-stillzeit\/","og_locale":"de_DE","og_type":"article","og_title":"Schwangerschaft und Stillzeit - EFFIK HCP","og_url":"https:\/\/effik.ch\/hcp\/gynakologie\/schwangerschaft-und-stillzeit\/","og_site_name":"EFFIK HCP","article_modified_time":"2025-11-11T15:17:32+00:00","twitter_card":"summary_large_image","schema":{"@context":"https:\/\/schema.org","@graph":[{"@type":"WebPage","@id":"https:\/\/effik.ch\/hcp\/gynakologie\/schwangerschaft-und-stillzeit\/","url":"https:\/\/effik.ch\/hcp\/gynakologie\/schwangerschaft-und-stillzeit\/","name":"Schwangerschaft und Stillzeit - EFFIK HCP","isPartOf":{"@id":"https:\/\/effik.ch\/hcp\/#website"},"datePublished":"2024-03-18T04:27:34+00:00","dateModified":"2025-11-11T15:17:32+00:00","breadcrumb":{"@id":"https:\/\/effik.ch\/hcp\/gynakologie\/schwangerschaft-und-stillzeit\/#breadcrumb"},"inLanguage":"de","potentialAction":[{"@type":"ReadAction","target":["https:\/\/effik.ch\/hcp\/gynakologie\/schwangerschaft-und-stillzeit\/"]}]},{"@type":"BreadcrumbList","@id":"https:\/\/effik.ch\/hcp\/gynakologie\/schwangerschaft-und-stillzeit\/#breadcrumb","itemListElement":[{"@type":"ListItem","position":1,"name":"Home","item":"https:\/\/effik.ch\/hcp\/"},{"@type":"ListItem","position":2,"name":"Schwangerschaft und Stillzeit"}]},{"@type":"WebSite","@id":"https:\/\/effik.ch\/hcp\/#website","url":"https:\/\/effik.ch\/hcp\/","name":"EFFIK HCP","description":"","potentialAction":[{"@type":"SearchAction","target":{"@type":"EntryPoint","urlTemplate":"https:\/\/effik.ch\/hcp\/?s={search_term_string}"},"query-input":{"@type":"PropertyValueSpecification","valueRequired":true,"valueName":"search_term_string"}}],"inLanguage":"de"}]}},"_links":{"self":[{"href":"https:\/\/effik.ch\/hcp\/wp-json\/wp\/v2\/pages\/1210","targetHints":{"allow":["GET"]}}],"collection":[{"href":"https:\/\/effik.ch\/hcp\/wp-json\/wp\/v2\/pages"}],"about":[{"href":"https:\/\/effik.ch\/hcp\/wp-json\/wp\/v2\/types\/page"}],"author":[{"embeddable":true,"href":"https:\/\/effik.ch\/hcp\/wp-json\/wp\/v2\/users\/1"}],"replies":[{"embeddable":true,"href":"https:\/\/effik.ch\/hcp\/wp-json\/wp\/v2\/comments?post=1210"}],"version-history":[{"count":13,"href":"https:\/\/effik.ch\/hcp\/wp-json\/wp\/v2\/pages\/1210\/revisions"}],"predecessor-version":[{"id":2575,"href":"https:\/\/effik.ch\/hcp\/wp-json\/wp\/v2\/pages\/1210\/revisions\/2575"}],"up":[{"embeddable":true,"href":"https:\/\/effik.ch\/hcp\/wp-json\/wp\/v2\/pages\/66"}],"wp:attachment":[{"href":"https:\/\/effik.ch\/hcp\/wp-json\/wp\/v2\/media?parent=1210"}],"curies":[{"name":"wp","href":"https:\/\/api.w.org\/{rel}","templated":true}]}}