{"id":1978,"date":"2024-03-15T16:43:24","date_gmt":"2024-03-15T14:43:24","guid":{"rendered":"https:\/\/effik.ch\/hcp\/gynakologie\/schwangerschaft-und-stillzeit\/fertifol\/"},"modified":"2025-11-10T13:37:08","modified_gmt":"2025-11-10T11:37:08","slug":"fertifol","status":"publish","type":"page","link":"https:\/\/effik.ch\/hcp\/gynakologie\/schwangerschaft-und-stillzeit\/fertifol\/","title":{"rendered":"Fertifol"},"content":{"rendered":"<div id=\"block_8baacec0178711fc6011e63a7db267ad\" class=\"hero-block alignfull\" style=\"background-image: url(https:\/\/effik.ch\/hcp\/wp-content\/uploads\/sites\/2\/2024\/03\/desire-of-child.jpg)\">\n\t<div class=\"wrap\">\n\t\t\t\t<h1 class=\"entry-title\">Fertifol<sup>\u00ae<\/sup><\/h1>\n\t\t\t<\/div>\n<\/div>\n\n\n<div id=\"block_e67636f2c037036f2453b44ea0c0ea13\" class=\"secondary-menu-block alignfull\" style=\"\">\n<ul class=\"secondary-menu-container\">\n\t\t\t<li class=\"secondary-menu-item\">\n\t\t\t<a class=\"secondary-menu-item__content\" href=\"#fertifol\">Fertifol<sup>\u00ae<\/sup><\/a>\n\t\t<\/li>\n\t\t\t\t<li class=\"secondary-menu-item\">\n\t\t\t<a class=\"secondary-menu-item__content\" href=\"#notice\">Packungsbeilage<\/a>\n\t\t<\/li>\n\t\t\t<\/ul>\n\t<\/div>\n\n\n<div id=\"effilevo-conti\" class=\"inner-hero-block product-img-vertical-85 spaced-p alignfull hero-mbl-column\" style=\"background-image: url(https:\/\/effik.ch\/hcp\/wp-content\/uploads\/sites\/2\/2025\/05\/fertifol-bg.svg)\">\n<div class=\"anchor-div\"><\/div>\n\n\t\t\t<div class=\"inner-hero-bg-mbl\" style=\"background-image: url(https:\/\/effik.ch\/hcp\/wp-content\/uploads\/sites\/2\/2025\/05\/fertifol-bg.svg); aspect-ratio:393\/200; min-height:200px;\">\n\t<div class=\"img-container\"><img loading=\"lazy\" decoding=\"async\" width=\"400\" height=\"382\" src=\"https:\/\/effik.ch\/hcp\/wp-content\/uploads\/sites\/2\/2024\/03\/fertifol.png\" class=\"attachment-large size-large\" alt=\"\" srcset=\"https:\/\/effik.ch\/hcp\/wp-content\/uploads\/sites\/2\/2024\/03\/fertifol.png 400w, https:\/\/effik.ch\/hcp\/wp-content\/uploads\/sites\/2\/2024\/03\/fertifol-300x287.png 300w\" sizes=\"auto, (max-width: 400px) 100vw, 400px\" \/><\/div>\n\t\t\t\t\t<\/div>\n\t<div class=\"wrap\" style=\"flex-direction: row-reverse;\">\n\t\t<div class=\"img-container\" style=\"justify-content: flex-end; max-height: 376px; width: calc(100% - 549px);\"><img loading=\"lazy\" decoding=\"async\" width=\"400\" height=\"382\" src=\"https:\/\/effik.ch\/hcp\/wp-content\/uploads\/sites\/2\/2024\/03\/fertifol.png\" class=\"attachment-large size-large\" alt=\"\" srcset=\"https:\/\/effik.ch\/hcp\/wp-content\/uploads\/sites\/2\/2024\/03\/fertifol.png 400w, https:\/\/effik.ch\/hcp\/wp-content\/uploads\/sites\/2\/2024\/03\/fertifol-300x287.png 300w\" sizes=\"auto, (max-width: 400px) 100vw, 400px\" \/><\/div>\n\t\t\t<div class=\"content-container\" style=\"text-align: left;\">\n\t\t\t\t\t\t\t\t\t<div class=\"section-content font-medium\" style=\"max-width: 549px; align-self: flex-start;\"><p>Die Zufuhr von Fols\u00e4ure ist an den Prozessen der Zellerneuerung beteiligt und ist f\u00fcr den menschlichen K\u00f6rper unerl\u00e4sslich. Besonders bei schwangeren Frauen und Frauen, welche eine Schwangerschaft planen, ist eine richtige Dosierung der Fols\u00e4ure f\u00fcr die Entwicklung des Kindes wichtig.<\/p>\n<p><b>Fertifol<sup>\u00ae<\/sup> wird bei einem erh\u00f6hten Fols\u00e4urebedarf ab vier Wochen vor der Empf\u00e4ngnis, w\u00e4hrend der Schwangerschaft und w\u00e4hrend der Stillzeit abgegeben.<\/b><\/p>\n<\/div>\n\t\t\t\t\t\t\t\t<\/div>\n\t<\/div>\n<\/div>\n<style>\n\t.inner-hero-block {\n\t\t@media (min-width: 768px) {\n\t\taspect-ratio:  \/ 376; \n\t\tmin-height: 376px;\n\t\t}\n\t}\n<\/style>\n\n\n<div id=\"fertifol\" class=\"featured-text-block\">\n\t<div class=\"wrap\">\t\t<div class=\"featured-box\" style=\"background:#ff8752; box-shadow:10px 10px 0px 0px rgba(255, 135, 82, 0.30);\"><h2 class=\"featured-title\">Fertifol<sup>\u00ae<\/sup> beugt dem Risiko von Fols\u00e4uremangel vor, indem es 100% der \r\nempfohlenen Tagesdosis liefert (0,4 mg pro Tag).<\/h2><\/div>\t<\/div>\n<\/div>\n\n\n<div id=\"block_03b44e1babc2881af8c1a9a2434f44e2\" class=\"effilevo-block\" style=\"\">\n\t<div class=\"wrap\">\n\t\t<div id=\"product\" class=\"product-box-container\"><div class=\"product-box product-box--image-center\"><div class=\"product-box__left\"><h2 class=\"product-title\">Spina bifida<br>(Offener R\u00fccken)\r\n<\/h2><div class=\"product-composition\"><\/div><\/div><div class=\"product-box__center\"><img loading=\"lazy\" decoding=\"async\" width=\"344\" height=\"319\" src=\"https:\/\/effik.ch\/hcp\/wp-content\/uploads\/sites\/2\/2025\/06\/spina-bifida-de-1.png\" class=\"attachment-large size-large\" alt=\"Spina bifida&lt;br&gt;(Offener R\u00fccken)\r\n\" srcset=\"https:\/\/effik.ch\/hcp\/wp-content\/uploads\/sites\/2\/2025\/06\/spina-bifida-de-1.png 344w, https:\/\/effik.ch\/hcp\/wp-content\/uploads\/sites\/2\/2025\/06\/spina-bifida-de-1-300x278.png 300w\" sizes=\"auto, (max-width: 344px) 100vw, 344px\" \/><\/div><div class=\"product-box__right\"><div class=\"product-description\"><ul>\n<li>Die Fols\u00e4ure ist ein wichtiges Vitamin f\u00fcr die Entwicklung des ungeborenen Kindes.<\/li>\n<li>Ein Fols\u00e4uremangel in den ersten Wochen der Schwangerschaft kann zu Missbildungen beim Kind f\u00fchren.<\/li>\n<li>Die h\u00e4ufigsten Fehlbildungen sind ein offener R\u00fccken <strong>(\u00ab Spina bifida \u00bb)<\/strong> und das Fehlen des Gehirns oder eine offene Sch\u00e4deldecke <br \/><strong>(\u00ab Anenzephalie \u00bb)<\/strong>.<\/li>\n<\/ul>\n<\/div><\/div><\/div><div class=\"product-info\"><p>Fertifol<sup>\u00ae<\/sup> wird bereits vor der Empf\u00e4ngnis von den Krankenkassen erstattet (Medikament der Abgabekategorie D, Kassenr\u00fcckerstattung, SL)<\/p>\n<\/div><\/div><div id=\"notice\" class=\"leaflet-container\"><div class=\"leaflet-item\"><div class=\"leaflet-title\">Abgek\u00fcrzte Fachinformation Fertifol<\/b><sup>\u00ae <\/sup><br\/>\r\n(Fols\u00e4ure).<\/div><a class=\"blue-button\" href=\"https:\/\/effik.ch\/hcp\/wp-content\/uploads\/sites\/2\/2025\/07\/RCP_Fertifol_DE.pdf\">Hier herunterladen<\/a><\/div><div class=\"disclaimer\"><p>AUSF\u00dcHRLICHE ANGABEN ENTNEHMEN SIE BITTE DEM <strong>ARZNEIMITTELKOMPENDIUM DER SCHWEIZ<\/strong>.<\/p>\n<p><strong>Zulassungsinhaberin:<\/strong> EFFIK SA, 1260 NYON. Version November 2024<\/p>\n<\/div><\/div><div class=\"references\"><\/div>\t<\/div>\n<\/div>\n","protected":false},"excerpt":{"rendered":"","protected":false},"author":1,"featured_media":0,"parent":1210,"menu_order":0,"comment_status":"closed","ping_status":"closed","template":"","meta":{"_acf_changed":false,"footnotes":""},"class_list":{"2":"type-page","4":"hentry"},"acf":[],"yoast_head":"<!-- This site is optimized with the Yoast SEO plugin v25.1 - https:\/\/yoast.com\/wordpress\/plugins\/seo\/ -->\n<title>Fertifol - EFFIK HCP<\/title>\n<meta name=\"robots\" content=\"index, follow, max-snippet:-1, max-image-preview:large, max-video-preview:-1\" \/>\n<link rel=\"canonical\" href=\"https:\/\/effik.ch\/hcp\/gynakologie\/schwangerschaft-und-stillzeit\/fertifol\/\" \/>\n<meta property=\"og:locale\" content=\"de_DE\" \/>\n<meta property=\"og:type\" content=\"article\" \/>\n<meta property=\"og:title\" content=\"Fertifol - EFFIK HCP\" \/>\n<meta property=\"og:url\" content=\"https:\/\/effik.ch\/hcp\/gynakologie\/schwangerschaft-und-stillzeit\/fertifol\/\" \/>\n<meta property=\"og:site_name\" content=\"EFFIK HCP\" \/>\n<meta property=\"article:modified_time\" content=\"2025-11-10T11:37:08+00:00\" \/>\n<meta name=\"twitter:card\" content=\"summary_large_image\" \/>\n<script type=\"application\/ld+json\" class=\"yoast-schema-graph\">{\"@context\":\"https:\/\/schema.org\",\"@graph\":[{\"@type\":\"WebPage\",\"@id\":\"https:\/\/effik.ch\/hcp\/gynakologie\/schwangerschaft-und-stillzeit\/fertifol\/\",\"url\":\"https:\/\/effik.ch\/hcp\/gynakologie\/schwangerschaft-und-stillzeit\/fertifol\/\",\"name\":\"Fertifol - EFFIK HCP\",\"isPartOf\":{\"@id\":\"https:\/\/effik.ch\/hcp\/#website\"},\"datePublished\":\"2024-03-15T14:43:24+00:00\",\"dateModified\":\"2025-11-10T11:37:08+00:00\",\"breadcrumb\":{\"@id\":\"https:\/\/effik.ch\/hcp\/gynakologie\/schwangerschaft-und-stillzeit\/fertifol\/#breadcrumb\"},\"inLanguage\":\"de\",\"potentialAction\":[{\"@type\":\"ReadAction\",\"target\":[\"https:\/\/effik.ch\/hcp\/gynakologie\/schwangerschaft-und-stillzeit\/fertifol\/\"]}]},{\"@type\":\"BreadcrumbList\",\"@id\":\"https:\/\/effik.ch\/hcp\/gynakologie\/schwangerschaft-und-stillzeit\/fertifol\/#breadcrumb\",\"itemListElement\":[{\"@type\":\"ListItem\",\"position\":1,\"name\":\"Home\",\"item\":\"https:\/\/effik.ch\/hcp\/\"},{\"@type\":\"ListItem\",\"position\":2,\"name\":\"Fertifol\"}]},{\"@type\":\"WebSite\",\"@id\":\"https:\/\/effik.ch\/hcp\/#website\",\"url\":\"https:\/\/effik.ch\/hcp\/\",\"name\":\"EFFIK HCP\",\"description\":\"\",\"potentialAction\":[{\"@type\":\"SearchAction\",\"target\":{\"@type\":\"EntryPoint\",\"urlTemplate\":\"https:\/\/effik.ch\/hcp\/?s={search_term_string}\"},\"query-input\":{\"@type\":\"PropertyValueSpecification\",\"valueRequired\":true,\"valueName\":\"search_term_string\"}}],\"inLanguage\":\"de\"}]}<\/script>\n<!-- \/ Yoast SEO plugin. -->","yoast_head_json":{"title":"Fertifol - EFFIK HCP","robots":{"index":"index","follow":"follow","max-snippet":"max-snippet:-1","max-image-preview":"max-image-preview:large","max-video-preview":"max-video-preview:-1"},"canonical":"https:\/\/effik.ch\/hcp\/gynakologie\/schwangerschaft-und-stillzeit\/fertifol\/","og_locale":"de_DE","og_type":"article","og_title":"Fertifol - EFFIK HCP","og_url":"https:\/\/effik.ch\/hcp\/gynakologie\/schwangerschaft-und-stillzeit\/fertifol\/","og_site_name":"EFFIK HCP","article_modified_time":"2025-11-10T11:37:08+00:00","twitter_card":"summary_large_image","schema":{"@context":"https:\/\/schema.org","@graph":[{"@type":"WebPage","@id":"https:\/\/effik.ch\/hcp\/gynakologie\/schwangerschaft-und-stillzeit\/fertifol\/","url":"https:\/\/effik.ch\/hcp\/gynakologie\/schwangerschaft-und-stillzeit\/fertifol\/","name":"Fertifol - EFFIK HCP","isPartOf":{"@id":"https:\/\/effik.ch\/hcp\/#website"},"datePublished":"2024-03-15T14:43:24+00:00","dateModified":"2025-11-10T11:37:08+00:00","breadcrumb":{"@id":"https:\/\/effik.ch\/hcp\/gynakologie\/schwangerschaft-und-stillzeit\/fertifol\/#breadcrumb"},"inLanguage":"de","potentialAction":[{"@type":"ReadAction","target":["https:\/\/effik.ch\/hcp\/gynakologie\/schwangerschaft-und-stillzeit\/fertifol\/"]}]},{"@type":"BreadcrumbList","@id":"https:\/\/effik.ch\/hcp\/gynakologie\/schwangerschaft-und-stillzeit\/fertifol\/#breadcrumb","itemListElement":[{"@type":"ListItem","position":1,"name":"Home","item":"https:\/\/effik.ch\/hcp\/"},{"@type":"ListItem","position":2,"name":"Fertifol"}]},{"@type":"WebSite","@id":"https:\/\/effik.ch\/hcp\/#website","url":"https:\/\/effik.ch\/hcp\/","name":"EFFIK HCP","description":"","potentialAction":[{"@type":"SearchAction","target":{"@type":"EntryPoint","urlTemplate":"https:\/\/effik.ch\/hcp\/?s={search_term_string}"},"query-input":{"@type":"PropertyValueSpecification","valueRequired":true,"valueName":"search_term_string"}}],"inLanguage":"de"}]}},"_links":{"self":[{"href":"https:\/\/effik.ch\/hcp\/wp-json\/wp\/v2\/pages\/1978","targetHints":{"allow":["GET"]}}],"collection":[{"href":"https:\/\/effik.ch\/hcp\/wp-json\/wp\/v2\/pages"}],"about":[{"href":"https:\/\/effik.ch\/hcp\/wp-json\/wp\/v2\/types\/page"}],"author":[{"embeddable":true,"href":"https:\/\/effik.ch\/hcp\/wp-json\/wp\/v2\/users\/1"}],"replies":[{"embeddable":true,"href":"https:\/\/effik.ch\/hcp\/wp-json\/wp\/v2\/comments?post=1978"}],"version-history":[{"count":5,"href":"https:\/\/effik.ch\/hcp\/wp-json\/wp\/v2\/pages\/1978\/revisions"}],"predecessor-version":[{"id":2503,"href":"https:\/\/effik.ch\/hcp\/wp-json\/wp\/v2\/pages\/1978\/revisions\/2503"}],"up":[{"embeddable":true,"href":"https:\/\/effik.ch\/hcp\/wp-json\/wp\/v2\/pages\/1210"}],"wp:attachment":[{"href":"https:\/\/effik.ch\/hcp\/wp-json\/wp\/v2\/media?parent=1978"}],"curies":[{"name":"wp","href":"https:\/\/api.w.org\/{rel}","templated":true}]}}