{"id":1996,"date":"2024-03-21T06:47:56","date_gmt":"2024-03-21T04:47:56","guid":{"rendered":"https:\/\/effik.ch\/hcp\/gynakologie\/vaginale-gesundheit\/ainara\/"},"modified":"2025-11-10T12:36:52","modified_gmt":"2025-11-10T10:36:52","slug":"ainara","status":"publish","type":"page","link":"https:\/\/effik.ch\/hcp\/gynakologie\/vaginale-gesundheit\/ainara\/","title":{"rendered":"Ainara"},"content":{"rendered":"<div id=\"block_eb16c74fbffb788eaa921ede7a427b5b\" class=\"hero-block alignfull\" style=\"background-image: url(https:\/\/effik.ch\/hcp\/wp-content\/uploads\/sites\/2\/2024\/03\/vaginal-health-1.jpg)\">\n\t<div class=\"wrap\">\n\t\t\t\t<h1 class=\"entry-title\">Ainara<sup>\u00ae<\/sup><\/h1>\n\t\t\t<\/div>\n<\/div>\n\n\n<div id=\"block_f73315f4063208119804f4dd2b174e6b\" class=\"secondary-menu-block alignfull\" style=\"\">\n<ul class=\"secondary-menu-container\">\n\t\t\t<li class=\"secondary-menu-item\">\n\t\t\t<a class=\"secondary-menu-item__content\" href=\"#ainara\">Ainara<sup>\u00ae<\/sup><\/a>\n\t\t<\/li>\n\t\t\t\t<li class=\"secondary-menu-item\">\n\t\t\t<a class=\"secondary-menu-item__content\" href=\"#notice\">Packungsbeilage<\/a>\n\t\t<\/li>\n\t\t\t<\/ul>\n\t<\/div>\n\n\n<div id=\"ainara\" class=\"inner-hero-block spaced-p padding-36 border-0 mbl-border-0 product-section alignfull hero-mbl-column\" style=\"background-image: url(https:\/\/effik.ch\/hcp\/wp-content\/uploads\/sites\/2\/2024\/03\/ainara-bg-1.svg)\">\n<div class=\"anchor-div\"><\/div>\n\n\t\t\t<div class=\"inner-hero-bg-mbl\" style=\"background-image: url(https:\/\/effik.ch\/hcp\/wp-content\/uploads\/sites\/2\/2024\/03\/ainara-bg-1.svg); aspect-ratio:393\/200; min-height:200px;\">\n\t<div class=\"img-container\"><img loading=\"lazy\" decoding=\"async\" width=\"436\" height=\"218\" src=\"https:\/\/effik.ch\/hcp\/wp-content\/uploads\/sites\/2\/2024\/03\/ainara.png\" class=\"attachment-large size-large\" alt=\"\" srcset=\"https:\/\/effik.ch\/hcp\/wp-content\/uploads\/sites\/2\/2024\/03\/ainara.png 436w, https:\/\/effik.ch\/hcp\/wp-content\/uploads\/sites\/2\/2024\/03\/ainara-300x150.png 300w\" sizes=\"auto, (max-width: 436px) 100vw, 436px\" \/><\/div>\n\t\t\t\t\t<\/div>\n\t<div class=\"wrap\" style=\"flex-direction: row-reverse;\">\n\t\t<div class=\"img-container\" style=\"justify-content: flex-end; max-height: 350px; width: calc(100% - px);\"><img loading=\"lazy\" decoding=\"async\" width=\"436\" height=\"218\" src=\"https:\/\/effik.ch\/hcp\/wp-content\/uploads\/sites\/2\/2024\/03\/ainara.png\" class=\"attachment-large size-large\" alt=\"\" srcset=\"https:\/\/effik.ch\/hcp\/wp-content\/uploads\/sites\/2\/2024\/03\/ainara.png 436w, https:\/\/effik.ch\/hcp\/wp-content\/uploads\/sites\/2\/2024\/03\/ainara-300x150.png 300w\" sizes=\"auto, (max-width: 436px) 100vw, 436px\" \/><\/div>\n\t\t\t<div class=\"content-container\" style=\"text-align: left;\">\n\t\t\t\t\t\t\t\t\t\t\t<\/div>\n\t<\/div>\n<\/div>\n<style>\n\t.inner-hero-block {\n\t\t@media (min-width: 768px) {\n\t\taspect-ratio:  \/ 350; \n\t\tmin-height: 350px;\n\t\t}\n\t}\n<\/style>\n\n\n<div id=\"block_8dab5724db73ba2079fdc9c09fb1b967\" class=\"product-content-block mbl-border-top-0 alignfull\" style=\"\">\n\t<div class=\"wrap\">\n\t\t<div class=\"product-left-content\">\n\t\t\t\t\t\t<h2 class=\"plc-title\">Ihre Patientinnen\r\nleiden unter\r\nScheidentrockenheit?<\/h2>\n\t\t\t\t\t\t\t\t<\/div>\n\t\t<div class=\"product-right-content\">\n\t\t\t<p>AINARA<sup>\u00ae<\/sup>, ein HORMONFREIES mukoadh\u00e4sives (an der Scheidenschleimhaut haftendes) Vaginal-Gel zur Befeuchtung, lindert die Symptome der Scheidentrockenheit sowie Beschwerden im Intimbereich und verbessert die Lebensqualit\u00e4t:<\/p>\n<ul>\n<li>MINDERT Scheidentrockenheit<\/li>\n<li>LINDERT Schmerzen beim Geschlechtsverkehr<\/li>\n<li>REDUZIERT luckreiz und Brennen<\/li>\n<\/ul>\n<p>Seine Wirksamkeit ist klinisch belegt<sup>1<\/sup>!<\/p>\n<p><img loading=\"lazy\" decoding=\"async\" class=\"aligncenter size-large wp-image-1429\" src=\"https:\/\/effik.ch\/hcp\/wp-content\/uploads\/sites\/2\/2025\/06\/Ainara25_Graph_DE.png\" alt=\"\" width=\"768\" height=\"527\" \/><\/p>\n<div class=\"body_14_regular\">1. Estevez J. et al. Efficacy and acceptability of a new non-hormonal mucoadhesive vaginal moisturizing gel for the management of vaginal atrophy. Giorn. It. Ost. Gin. 2012. Vol.34(1):171-2<\/div>\n\t\t<\/div>\n\t<\/div>\n<\/div>\n\n\n<div id=\"notice\" class=\"product-content-block alignfull\" style=\"\">\n\t<div class=\"wrap\">\n\t\t<div class=\"product-left-content\">\n\t\t\t\t\t\t<h2 class=\"plc-title\">Packungsbeilage<\/h2>\n\t\t\t\t\t\t\t\t<\/div>\n\t\t<div class=\"product-right-content\">\n\t\t\t<p>Anwendung:<\/p>\n<p>AINARA<sup>\u00ae<\/sup> zweimal w\u00f6chentlich anwenden. Je nach Bedarf kann AINARA* auch f\u00fcr bis zu 12 Wochen t\u00e4glich angewendet werden. Pr\u00e4zise Dosierung von 1 g mit einem wiederverwendbaren Applikator.<\/p>\n<p>Packung:<\/p>\n<p>Eine 30-g-Tube mit einem wiederverwendbaren Applikator (reicht f\u00fcr 30 Anwendungen).<\/p>\n<p><strong><a href=\"https:\/\/effik.ch\/hcp\/wp-content\/uploads\/sites\/2\/2025\/05\/Ainara_Leaflet.pdf\" target=\"_blank\" rel=\"noopener\">Hier k\u00f6nnen Sie die Packungsbeilage herunterladen (Medizinprodukt: Klasse lla)<\/a><\/strong><\/p>\n\t\t<\/div>\n\t<\/div>\n<\/div>\n\n\n\n<div style=\"height:80px\" aria-hidden=\"true\" class=\"wp-block-spacer\"><\/div>\n","protected":false},"excerpt":{"rendered":"","protected":false},"author":1,"featured_media":0,"parent":185,"menu_order":1,"comment_status":"closed","ping_status":"closed","template":"","meta":{"_acf_changed":false,"footnotes":""},"class_list":{"2":"type-page","4":"hentry"},"acf":[],"yoast_head":"<!-- This site is optimized with the Yoast SEO plugin v25.1 - https:\/\/yoast.com\/wordpress\/plugins\/seo\/ -->\n<title>Ainara - EFFIK HCP<\/title>\n<meta name=\"robots\" content=\"index, follow, max-snippet:-1, max-image-preview:large, max-video-preview:-1\" \/>\n<link rel=\"canonical\" href=\"https:\/\/effik.ch\/hcp\/gynakologie\/vaginale-gesundheit\/ainara\/\" \/>\n<meta property=\"og:locale\" content=\"de_DE\" \/>\n<meta property=\"og:type\" content=\"article\" \/>\n<meta property=\"og:title\" content=\"Ainara - EFFIK HCP\" \/>\n<meta property=\"og:url\" content=\"https:\/\/effik.ch\/hcp\/gynakologie\/vaginale-gesundheit\/ainara\/\" \/>\n<meta property=\"og:site_name\" content=\"EFFIK HCP\" \/>\n<meta property=\"article:modified_time\" content=\"2025-11-10T10:36:52+00:00\" \/>\n<meta name=\"twitter:card\" content=\"summary_large_image\" \/>\n<script type=\"application\/ld+json\" class=\"yoast-schema-graph\">{\"@context\":\"https:\/\/schema.org\",\"@graph\":[{\"@type\":\"WebPage\",\"@id\":\"https:\/\/effik.ch\/hcp\/gynakologie\/vaginale-gesundheit\/ainara\/\",\"url\":\"https:\/\/effik.ch\/hcp\/gynakologie\/vaginale-gesundheit\/ainara\/\",\"name\":\"Ainara - EFFIK HCP\",\"isPartOf\":{\"@id\":\"https:\/\/effik.ch\/hcp\/#website\"},\"datePublished\":\"2024-03-21T04:47:56+00:00\",\"dateModified\":\"2025-11-10T10:36:52+00:00\",\"breadcrumb\":{\"@id\":\"https:\/\/effik.ch\/hcp\/gynakologie\/vaginale-gesundheit\/ainara\/#breadcrumb\"},\"inLanguage\":\"de\",\"potentialAction\":[{\"@type\":\"ReadAction\",\"target\":[\"https:\/\/effik.ch\/hcp\/gynakologie\/vaginale-gesundheit\/ainara\/\"]}]},{\"@type\":\"BreadcrumbList\",\"@id\":\"https:\/\/effik.ch\/hcp\/gynakologie\/vaginale-gesundheit\/ainara\/#breadcrumb\",\"itemListElement\":[{\"@type\":\"ListItem\",\"position\":1,\"name\":\"Home\",\"item\":\"https:\/\/effik.ch\/hcp\/\"},{\"@type\":\"ListItem\",\"position\":2,\"name\":\"Ainara\"}]},{\"@type\":\"WebSite\",\"@id\":\"https:\/\/effik.ch\/hcp\/#website\",\"url\":\"https:\/\/effik.ch\/hcp\/\",\"name\":\"EFFIK HCP\",\"description\":\"\",\"potentialAction\":[{\"@type\":\"SearchAction\",\"target\":{\"@type\":\"EntryPoint\",\"urlTemplate\":\"https:\/\/effik.ch\/hcp\/?s={search_term_string}\"},\"query-input\":{\"@type\":\"PropertyValueSpecification\",\"valueRequired\":true,\"valueName\":\"search_term_string\"}}],\"inLanguage\":\"de\"}]}<\/script>\n<!-- \/ Yoast SEO plugin. -->","yoast_head_json":{"title":"Ainara - EFFIK HCP","robots":{"index":"index","follow":"follow","max-snippet":"max-snippet:-1","max-image-preview":"max-image-preview:large","max-video-preview":"max-video-preview:-1"},"canonical":"https:\/\/effik.ch\/hcp\/gynakologie\/vaginale-gesundheit\/ainara\/","og_locale":"de_DE","og_type":"article","og_title":"Ainara - EFFIK HCP","og_url":"https:\/\/effik.ch\/hcp\/gynakologie\/vaginale-gesundheit\/ainara\/","og_site_name":"EFFIK HCP","article_modified_time":"2025-11-10T10:36:52+00:00","twitter_card":"summary_large_image","schema":{"@context":"https:\/\/schema.org","@graph":[{"@type":"WebPage","@id":"https:\/\/effik.ch\/hcp\/gynakologie\/vaginale-gesundheit\/ainara\/","url":"https:\/\/effik.ch\/hcp\/gynakologie\/vaginale-gesundheit\/ainara\/","name":"Ainara - EFFIK HCP","isPartOf":{"@id":"https:\/\/effik.ch\/hcp\/#website"},"datePublished":"2024-03-21T04:47:56+00:00","dateModified":"2025-11-10T10:36:52+00:00","breadcrumb":{"@id":"https:\/\/effik.ch\/hcp\/gynakologie\/vaginale-gesundheit\/ainara\/#breadcrumb"},"inLanguage":"de","potentialAction":[{"@type":"ReadAction","target":["https:\/\/effik.ch\/hcp\/gynakologie\/vaginale-gesundheit\/ainara\/"]}]},{"@type":"BreadcrumbList","@id":"https:\/\/effik.ch\/hcp\/gynakologie\/vaginale-gesundheit\/ainara\/#breadcrumb","itemListElement":[{"@type":"ListItem","position":1,"name":"Home","item":"https:\/\/effik.ch\/hcp\/"},{"@type":"ListItem","position":2,"name":"Ainara"}]},{"@type":"WebSite","@id":"https:\/\/effik.ch\/hcp\/#website","url":"https:\/\/effik.ch\/hcp\/","name":"EFFIK HCP","description":"","potentialAction":[{"@type":"SearchAction","target":{"@type":"EntryPoint","urlTemplate":"https:\/\/effik.ch\/hcp\/?s={search_term_string}"},"query-input":{"@type":"PropertyValueSpecification","valueRequired":true,"valueName":"search_term_string"}}],"inLanguage":"de"}]}},"_links":{"self":[{"href":"https:\/\/effik.ch\/hcp\/wp-json\/wp\/v2\/pages\/1996","targetHints":{"allow":["GET"]}}],"collection":[{"href":"https:\/\/effik.ch\/hcp\/wp-json\/wp\/v2\/pages"}],"about":[{"href":"https:\/\/effik.ch\/hcp\/wp-json\/wp\/v2\/types\/page"}],"author":[{"embeddable":true,"href":"https:\/\/effik.ch\/hcp\/wp-json\/wp\/v2\/users\/1"}],"replies":[{"embeddable":true,"href":"https:\/\/effik.ch\/hcp\/wp-json\/wp\/v2\/comments?post=1996"}],"version-history":[{"count":4,"href":"https:\/\/effik.ch\/hcp\/wp-json\/wp\/v2\/pages\/1996\/revisions"}],"predecessor-version":[{"id":2493,"href":"https:\/\/effik.ch\/hcp\/wp-json\/wp\/v2\/pages\/1996\/revisions\/2493"}],"up":[{"embeddable":true,"href":"https:\/\/effik.ch\/hcp\/wp-json\/wp\/v2\/pages\/185"}],"wp:attachment":[{"href":"https:\/\/effik.ch\/hcp\/wp-json\/wp\/v2\/media?parent=1996"}],"curies":[{"name":"wp","href":"https:\/\/api.w.org\/{rel}","templated":true}]}}