{"id":2019,"date":"2025-05-26T11:01:34","date_gmt":"2025-05-26T09:01:34","guid":{"rendered":"https:\/\/effik.ch\/hcp\/gynakologie\/wechseljahre\/natecal-d\/"},"modified":"2025-11-10T13:28:29","modified_gmt":"2025-11-10T11:28:29","slug":"natecal-d","status":"publish","type":"page","link":"https:\/\/effik.ch\/hcp\/gynakologie\/wechseljahre\/natecal-d\/","title":{"rendered":"Natecal\u00ae D"},"content":{"rendered":"<div id=\"block_b57b96333327b45479236aaf2823a9c7\" class=\"hero-block alignfull\" style=\"background-image: url(https:\/\/effik.ch\/hcp\/wp-content\/uploads\/sites\/2\/2024\/03\/menopause.jpg)\">\n\t<div class=\"wrap\">\n\t\t\t\t<h1 class=\"entry-title\">Natecal<sup>\u00ae<\/sup> D<\/h1>\n\t\t\t<\/div>\n<\/div>\n\n\n<div id=\"block_f30f7e94897c3d1a37e9728fb083828d\" class=\"secondary-menu-block alignfull\" style=\"\">\n<ul class=\"secondary-menu-container\">\n\t\t\t<li class=\"secondary-menu-item\">\n\t\t\t<a class=\"secondary-menu-item__content\" href=\"#natecal-d\">Natecal<sup>\u00ae<\/sup> D<\/a>\n\t\t<\/li>\n\t\t\t\t<li class=\"secondary-menu-item\">\n\t\t\t<a class=\"secondary-menu-item__content\" href=\"#notice\">Packungsbeilage<\/a>\n\t\t<\/li>\n\t\t\t<\/ul>\n\t<\/div>\n\n\n<div id=\"block_bad85940dc2df309ebcce60bd1a2bf30\" class=\"inner-hero-block product-img-vertical-85 spaced-p alignfull hero-mbl-column\" style=\"background-image: url(https:\/\/effik.ch\/hcp\/wp-content\/uploads\/sites\/2\/2025\/05\/Natecal-hero-bg.svg)\">\n<div class=\"anchor-div\"><\/div>\n\n\t\t\t<div class=\"inner-hero-bg-mbl\" style=\"background-image: url(https:\/\/effik.ch\/hcp\/wp-content\/uploads\/sites\/2\/2025\/05\/Natecal-hero-bg.svg); aspect-ratio:393\/200; min-height:200px;\">\n\t<div class=\"img-container\"><img loading=\"lazy\" decoding=\"async\" width=\"213\" height=\"322\" src=\"https:\/\/effik.ch\/hcp\/wp-content\/uploads\/sites\/2\/2024\/03\/natecal.png\" class=\"attachment-large size-large\" alt=\"\" srcset=\"https:\/\/effik.ch\/hcp\/wp-content\/uploads\/sites\/2\/2024\/03\/natecal.png 213w, https:\/\/effik.ch\/hcp\/wp-content\/uploads\/sites\/2\/2024\/03\/natecal-198x300.png 198w\" sizes=\"auto, (max-width: 213px) 100vw, 213px\" \/><\/div>\n\t\t\t\t\t<\/div>\n\t<div class=\"wrap\" style=\"flex-direction: row-reverse;\">\n\t\t<div class=\"img-container\" style=\"justify-content: flex-end; max-height: 376px; width: calc(100% - 549px);\"><img loading=\"lazy\" decoding=\"async\" width=\"213\" height=\"322\" src=\"https:\/\/effik.ch\/hcp\/wp-content\/uploads\/sites\/2\/2024\/03\/natecal.png\" class=\"attachment-large size-large\" alt=\"\" srcset=\"https:\/\/effik.ch\/hcp\/wp-content\/uploads\/sites\/2\/2024\/03\/natecal.png 213w, https:\/\/effik.ch\/hcp\/wp-content\/uploads\/sites\/2\/2024\/03\/natecal-198x300.png 198w\" sizes=\"auto, (max-width: 213px) 100vw, 213px\" \/><\/div>\n\t\t\t<div class=\"content-container\" style=\"text-align: left;\">\n\t\t\t\t\t\t\t\t\t<div class=\"section-content font-medium\" style=\"max-width: 549px; align-self: flex-start;\"><p><strong>Calcium<\/strong> ist entscheidend f\u00fcr die Bildung und Erhaltung der Knochen, w\u00e4hrend <strong>Vitamin D<\/strong> seine Absorption aus Lebensmitteln in den K\u00f6rper erleichtert und seine effiziente Verwendung f\u00f6rdert.<\/p>\n<p><strong>Ein Mangel an Calcium und Vitamin D<\/strong> kann zu verschiedenen Komplikationen f\u00fchren, wie <strong>Osteoporose<\/strong>, einem erh\u00f6hten Risiko von <strong>Frakturen<\/strong> und <strong>einer Abnahme der Knochenmineraldichte<\/strong>.<\/p>\n<\/div>\n\t\t\t\t\t\t\t\t<\/div>\n\t<\/div>\n<\/div>\n<style>\n\t.inner-hero-block {\n\t\t@media (min-width: 768px) {\n\t\taspect-ratio:  \/ 376; \n\t\tmin-height: 376px;\n\t\t}\n\t}\n<\/style>\n\n\n<div id=\"fertifol\" class=\"featured-text-block\">\n\t<div class=\"wrap\">\t\t<div class=\"featured-box\" style=\"background:#7dcac5; box-shadow:10px 10px 0px 0px rgba(137, 208, 203, 0.50);\"><h2 class=\"featured-title\">Natecal<sup>\u00ae<\/sup> D, ein kombiniertes Pr\u00e4parat mit Calcium + Vitamin D3, als Schmelztablette.<\/h2><\/div>\t<\/div>\n<\/div>\n\n\n<div id=\"natecal-d\" class=\"product-content-2cols-block\" style=\"\">\n\t<div class=\"wrap\">\t\t<div class=\"product-left-content left-width-one-third\">\n\t\t\t\t\t\t\t<h2>Natecal<sup>\u00ae<\/sup> D ist eine Kombination von Calciumcarbonat und Vitamin D3 (Cholecalciferol), es eignet sich als Calcium- und Vitamin-D-Erg\u00e4nzung:<\/h2>\n\t\t\t\t\t<\/div>\n\t\t<div class=\"product-right-content left-width-one-third\">\n\t\t\t<div class=\"background-box-natecal\">\n<ul>\n<li>Bei erwachsenen Personen mit Calcium- und Vitamin D-Mangel oder bei Personen mit hohem Risiko f\u00fcr einen Mangelzustand (z.B. bei ungen\u00fcgendem Konsum von Milchprodukten, bei ungen\u00fcgender Sonnenexposition).<\/li>\n<\/ul>\n<\/div>\n<div class=\"background-box-natecal\">\n<ul>\n<li>Zur Unterst\u00fctzung einer spezifischen Osteoporose-Therapie bei Patienten mit nachgewiesenem oder hohem Risiko eines gleichzeitigen Calcium- und Vitamin-D-Mangels.<\/li>\n<\/ul>\n<\/div>\n\t\t<\/div>\n\t\t\t<\/div>\n<\/div>\n\n\n<div id=\"block_b2dd94814182adaa2692a38a861eaec3\" class=\"effilevo-block\" style=\"\">\n\t<div class=\"wrap\">\n\t\t<div id=\"product\" class=\"product-box-container\"><div class=\"product-box product-box--image-right\"><div class=\"product-box__left\"><h2 class=\"product-title\">Die Vorteile von<br\/>Natecal<sup>\u00ae<\/sup> D:\u00a0\r\n<\/h2><div class=\"product-composition\"><\/div><\/div><div class=\"product-box__center\"><img loading=\"lazy\" decoding=\"async\" width=\"674\" height=\"390\" src=\"https:\/\/effik.ch\/hcp\/wp-content\/uploads\/sites\/2\/2025\/06\/Natecal24_Schema_1_DE.png\" class=\"attachment-large size-large\" alt=\"Die Vorteile von&lt;br\/&gt;Natecal&lt;sup&gt;\u00ae&lt;\/sup&gt; D:\u00a0\r\n\" srcset=\"https:\/\/effik.ch\/hcp\/wp-content\/uploads\/sites\/2\/2025\/06\/Natecal24_Schema_1_DE.png 674w, https:\/\/effik.ch\/hcp\/wp-content\/uploads\/sites\/2\/2025\/06\/Natecal24_Schema_1_DE-300x174.png 300w\" sizes=\"auto, (max-width: 674px) 100vw, 674px\" \/><\/div><div class=\"product-box__right\"><div class=\"product-description\"><ul>\n<li><b>Schnelles Aufl\u00f6sen im Mund ohne Wasser: in weniger als 3 Minuten!<\/b><\/li>\n<li><b>Praktisch und handlich<\/b><\/li>\n<li>Dosierung von <strong>600 mg Calcium<\/strong> und <strong>400 IE Vitamin D3<\/strong><\/b><\/li>\n<li><b>Orangengeschmack<\/b><\/li>\n<li><b>Ohne Salz<\/b><\/li>\n<\/ul>\n<\/div><\/div><\/div><div class=\"product-info\"><p>Natecal<sup>\u00ae<\/sup> D wird von den Krankenkassen erstattet (Medikament der Abgabekategorie D, Kassenr\u00fcckerstattung, SL).<\/p>\n<\/div><\/div><div id=\"notice\" class=\"leaflet-container\"><div class=\"leaflet-item\"><div class=\"leaflet-title\">Abgek\u00fcrzte Fachinformation Natecal<sup>\u00ae<\/sup> D<br\/>(Calcii carbonas + Cholecalciferolum). <\/div><a class=\"blue-button\" href=\"https:\/\/effik.ch\/hcp\/wp-content\/uploads\/sites\/2\/2025\/07\/RCP_Natecal_DE.pdf\">Hier herunterladen<\/a><\/div><div class=\"disclaimer\"><p>AUSF\u00dcHRLICHE ANGABEN ENTNEHMEN SIE BITTE <strong>DEM ARZNEIMITTELKOMPENDIUM DER SCHWEIZ.<\/strong><\/p>\n<p><strong>Zulassungsinhaberin:<\/strong> EFFIK SA, 1260 NYON. Version September 2023<\/p>\n<\/div><\/div><div class=\"references\"><\/div>\t<\/div>\n<\/div>\n","protected":false},"excerpt":{"rendered":"","protected":false},"author":1,"featured_media":0,"parent":1223,"menu_order":0,"comment_status":"closed","ping_status":"closed","template":"","meta":{"_acf_changed":false,"footnotes":""},"class_list":{"2":"type-page","4":"hentry"},"acf":[],"yoast_head":"<!-- This site is optimized with the Yoast SEO plugin v25.1 - https:\/\/yoast.com\/wordpress\/plugins\/seo\/ -->\n<title>Natecal\u00ae D - EFFIK HCP<\/title>\n<meta name=\"robots\" content=\"index, follow, max-snippet:-1, max-image-preview:large, max-video-preview:-1\" \/>\n<link rel=\"canonical\" href=\"https:\/\/effik.ch\/hcp\/gynakologie\/wechseljahre\/natecal-d\/\" \/>\n<meta property=\"og:locale\" content=\"de_DE\" \/>\n<meta property=\"og:type\" content=\"article\" \/>\n<meta property=\"og:title\" content=\"Natecal\u00ae D - EFFIK HCP\" \/>\n<meta property=\"og:url\" content=\"https:\/\/effik.ch\/hcp\/gynakologie\/wechseljahre\/natecal-d\/\" \/>\n<meta property=\"og:site_name\" content=\"EFFIK HCP\" \/>\n<meta property=\"article:modified_time\" content=\"2025-11-10T11:28:29+00:00\" \/>\n<meta name=\"twitter:card\" content=\"summary_large_image\" \/>\n<script type=\"application\/ld+json\" class=\"yoast-schema-graph\">{\"@context\":\"https:\/\/schema.org\",\"@graph\":[{\"@type\":\"WebPage\",\"@id\":\"https:\/\/effik.ch\/hcp\/gynakologie\/wechseljahre\/natecal-d\/\",\"url\":\"https:\/\/effik.ch\/hcp\/gynakologie\/wechseljahre\/natecal-d\/\",\"name\":\"Natecal\u00ae D - EFFIK HCP\",\"isPartOf\":{\"@id\":\"https:\/\/effik.ch\/hcp\/#website\"},\"datePublished\":\"2025-05-26T09:01:34+00:00\",\"dateModified\":\"2025-11-10T11:28:29+00:00\",\"breadcrumb\":{\"@id\":\"https:\/\/effik.ch\/hcp\/gynakologie\/wechseljahre\/natecal-d\/#breadcrumb\"},\"inLanguage\":\"de\",\"potentialAction\":[{\"@type\":\"ReadAction\",\"target\":[\"https:\/\/effik.ch\/hcp\/gynakologie\/wechseljahre\/natecal-d\/\"]}]},{\"@type\":\"BreadcrumbList\",\"@id\":\"https:\/\/effik.ch\/hcp\/gynakologie\/wechseljahre\/natecal-d\/#breadcrumb\",\"itemListElement\":[{\"@type\":\"ListItem\",\"position\":1,\"name\":\"Home\",\"item\":\"https:\/\/effik.ch\/hcp\/\"},{\"@type\":\"ListItem\",\"position\":2,\"name\":\"Natecal\u00ae D\"}]},{\"@type\":\"WebSite\",\"@id\":\"https:\/\/effik.ch\/hcp\/#website\",\"url\":\"https:\/\/effik.ch\/hcp\/\",\"name\":\"EFFIK HCP\",\"description\":\"\",\"potentialAction\":[{\"@type\":\"SearchAction\",\"target\":{\"@type\":\"EntryPoint\",\"urlTemplate\":\"https:\/\/effik.ch\/hcp\/?s={search_term_string}\"},\"query-input\":{\"@type\":\"PropertyValueSpecification\",\"valueRequired\":true,\"valueName\":\"search_term_string\"}}],\"inLanguage\":\"de\"}]}<\/script>\n<!-- \/ Yoast SEO plugin. -->","yoast_head_json":{"title":"Natecal\u00ae D - EFFIK HCP","robots":{"index":"index","follow":"follow","max-snippet":"max-snippet:-1","max-image-preview":"max-image-preview:large","max-video-preview":"max-video-preview:-1"},"canonical":"https:\/\/effik.ch\/hcp\/gynakologie\/wechseljahre\/natecal-d\/","og_locale":"de_DE","og_type":"article","og_title":"Natecal\u00ae D - EFFIK HCP","og_url":"https:\/\/effik.ch\/hcp\/gynakologie\/wechseljahre\/natecal-d\/","og_site_name":"EFFIK HCP","article_modified_time":"2025-11-10T11:28:29+00:00","twitter_card":"summary_large_image","schema":{"@context":"https:\/\/schema.org","@graph":[{"@type":"WebPage","@id":"https:\/\/effik.ch\/hcp\/gynakologie\/wechseljahre\/natecal-d\/","url":"https:\/\/effik.ch\/hcp\/gynakologie\/wechseljahre\/natecal-d\/","name":"Natecal\u00ae D - EFFIK HCP","isPartOf":{"@id":"https:\/\/effik.ch\/hcp\/#website"},"datePublished":"2025-05-26T09:01:34+00:00","dateModified":"2025-11-10T11:28:29+00:00","breadcrumb":{"@id":"https:\/\/effik.ch\/hcp\/gynakologie\/wechseljahre\/natecal-d\/#breadcrumb"},"inLanguage":"de","potentialAction":[{"@type":"ReadAction","target":["https:\/\/effik.ch\/hcp\/gynakologie\/wechseljahre\/natecal-d\/"]}]},{"@type":"BreadcrumbList","@id":"https:\/\/effik.ch\/hcp\/gynakologie\/wechseljahre\/natecal-d\/#breadcrumb","itemListElement":[{"@type":"ListItem","position":1,"name":"Home","item":"https:\/\/effik.ch\/hcp\/"},{"@type":"ListItem","position":2,"name":"Natecal\u00ae D"}]},{"@type":"WebSite","@id":"https:\/\/effik.ch\/hcp\/#website","url":"https:\/\/effik.ch\/hcp\/","name":"EFFIK HCP","description":"","potentialAction":[{"@type":"SearchAction","target":{"@type":"EntryPoint","urlTemplate":"https:\/\/effik.ch\/hcp\/?s={search_term_string}"},"query-input":{"@type":"PropertyValueSpecification","valueRequired":true,"valueName":"search_term_string"}}],"inLanguage":"de"}]}},"_links":{"self":[{"href":"https:\/\/effik.ch\/hcp\/wp-json\/wp\/v2\/pages\/2019","targetHints":{"allow":["GET"]}}],"collection":[{"href":"https:\/\/effik.ch\/hcp\/wp-json\/wp\/v2\/pages"}],"about":[{"href":"https:\/\/effik.ch\/hcp\/wp-json\/wp\/v2\/types\/page"}],"author":[{"embeddable":true,"href":"https:\/\/effik.ch\/hcp\/wp-json\/wp\/v2\/users\/1"}],"replies":[{"embeddable":true,"href":"https:\/\/effik.ch\/hcp\/wp-json\/wp\/v2\/comments?post=2019"}],"version-history":[{"count":6,"href":"https:\/\/effik.ch\/hcp\/wp-json\/wp\/v2\/pages\/2019\/revisions"}],"predecessor-version":[{"id":2497,"href":"https:\/\/effik.ch\/hcp\/wp-json\/wp\/v2\/pages\/2019\/revisions\/2497"}],"up":[{"embeddable":true,"href":"https:\/\/effik.ch\/hcp\/wp-json\/wp\/v2\/pages\/1223"}],"wp:attachment":[{"href":"https:\/\/effik.ch\/hcp\/wp-json\/wp\/v2\/media?parent=2019"}],"curies":[{"name":"wp","href":"https:\/\/api.w.org\/{rel}","templated":true}]}}