{"id":87,"date":"2024-03-14T19:08:42","date_gmt":"2024-03-14T19:08:42","guid":{"rendered":"https:\/\/effik.ch\/hcp\/?page_id=87"},"modified":"2025-06-09T16:24:03","modified_gmt":"2025-06-09T14:24:03","slug":"neurologie","status":"publish","type":"page","link":"https:\/\/effik.ch\/hcp\/neurologie\/","title":{"rendered":"Neurologie"},"content":{"rendered":"<div id=\"block_4d7a9be089c771800b3f72f783d7341f\" class=\"hero-block alignfull\" style=\"background-image: url(https:\/\/effik.ch\/hcp\/wp-content\/uploads\/sites\/2\/2024\/03\/neuro-hero-bg.jpg)\">\n\t<div class=\"wrap\">\n\t\t<img loading=\"lazy\" decoding=\"async\" width=\"100\" height=\"100\" src=\"https:\/\/effik.ch\/hcp\/wp-content\/uploads\/sites\/2\/2024\/03\/neuro-icon.svg\" class=\"hero-icon \" alt=\"\" \/>\t\t<h1 class=\"entry-title\">Neurologie<\/h1>\n\t\t\t<\/div>\n<\/div>\n\n\n<div id=\"block_6907dc69bc44f750dd869d7b349c46d1\" class=\"hero-text-block mbl-border-0 alignfull\" style=\"\">\n\t<div class=\"wrap\">\n\t\t\t\t\t\t\t<div class=\"hero-text\"><p>Die Neurologie besch\u00e4ftigt sich mit dem Verst\u00e4ndnis und der Behandlung von Krankheiten, die mit dem Nervensystem zusammenh\u00e4ngen.<\/p>\n<p>In diesem Bereich stellen Neurodegenerative Erkrankungen wie Alzheimer, Parkinson und Amyotrophe Lateralsklerose (ALS) eine der wichtigsten Herausforderungen dar. Bei diesen Krankheiten findet ein fortschreitender Verlust von Nervenzellen (Neurodegeneration) statt, welcher zu schwerwiegenden Symptomen f\u00fchrt.<\/p>\n<p>Auch wenn es f\u00fcr einige dieser Krankheiten noch keine Heilung gibt, stehen Fach\u00e4rzten in der Neurologie verschiedene Strategien zur Verf\u00fcgung, den Verlauf der Krankheit zu verlangsamen oder die Symptome zu behandeln. Bei der Entscheidungsfindung f\u00fcr die bestm\u00f6gliche Therapie ist vor allem ein guter Dialog und eine patientenzentrierte Pflege, die auf die individuellen Bed\u00fcrfnisse der Patienten eingeht, unentbehrlich.<\/p>\n<\/div>\n\t\t\t<\/div>\n<\/div>\n\n\n<div id=\"block_32ab14da45ebf39aaa4aed8590e52a25\" class=\"inner-hero-block mbl-big-bg-left alignfull hero-mbl-column\" style=\"background-image: url(https:\/\/effik.ch\/hcp\/wp-content\/uploads\/sites\/2\/2024\/03\/neuro-section1.jpg)\">\n<div class=\"anchor-div\"><\/div>\n\n\t\t\t\t<div class=\"inner-hero-bg-mbl\" style=\"background-image: url(https:\/\/effik.ch\/hcp\/wp-content\/uploads\/sites\/2\/2024\/03\/neuro-section1.jpg)\">\n\n\t\t\t\t\t\t<\/div>\n\t<div class=\"wrap\" style=\"flex-direction: row;\">\n\t\t<div class=\"content-container\" style=\"text-align: right;\">\n\t\t\t\t\t\t<h2 class=\"section-title\">Amyotrophe<br \/>\r\nLateralsklerose<\/h2>\n\t\t\t\t\t\t\t\t\t<div class=\"section-content font-medium\" style=\"max-width: 473px; align-self: flex-end;\"><p>Die amyotrophe Lateralsklerose (ALS) ist eine progressive, neurodegenerative Erkrankung, bei welcher die Nervenzellen, die f\u00fcr die Muskel- und Bewegungskontrolle zust\u00e4ndig sind, gesch\u00e4digt werden.<\/p>\n<\/div>\n\t\t\t\t\t\t\t\t\t\t<a class=\"blue-button\" style=\"align-self: flex-end;\" href=\"https:\/\/effik.ch\/hcp\/neurologie\/amyotrophe-lateralsklerose\/\" target=\"_self\">Erfahren Sie mehr<\/a>\n\t\t\t\t\t<\/div>\n\t<\/div>\n<\/div>\n<style>\n\t.inner-hero-block {\n\t\t@media (min-width: 768px) {\n\t\taspect-ratio: 1440 \/ 499; \n\t\tmin-height: 499px;\n\t\t}\n\t}\n<\/style>\n","protected":false},"excerpt":{"rendered":"","protected":false},"author":1,"featured_media":0,"parent":0,"menu_order":0,"comment_status":"closed","ping_status":"closed","template":"","meta":{"_acf_changed":false,"footnotes":""},"class_list":{"2":"type-page","4":"hentry"},"acf":[],"yoast_head":"<!-- This site is optimized with the Yoast SEO plugin v25.1 - https:\/\/yoast.com\/wordpress\/plugins\/seo\/ -->\n<title>Neurologie - EFFIK HCP<\/title>\n<meta name=\"robots\" content=\"index, follow, max-snippet:-1, max-image-preview:large, max-video-preview:-1\" \/>\n<link rel=\"canonical\" href=\"https:\/\/effik.ch\/hcp\/neurologie\/\" \/>\n<meta property=\"og:locale\" content=\"de_DE\" \/>\n<meta property=\"og:type\" content=\"article\" \/>\n<meta property=\"og:title\" content=\"Neurologie - EFFIK HCP\" \/>\n<meta property=\"og:url\" content=\"https:\/\/effik.ch\/hcp\/neurologie\/\" \/>\n<meta property=\"og:site_name\" content=\"EFFIK HCP\" \/>\n<meta property=\"article:modified_time\" content=\"2025-06-09T14:24:03+00:00\" \/>\n<meta name=\"twitter:card\" content=\"summary_large_image\" \/>\n<script type=\"application\/ld+json\" class=\"yoast-schema-graph\">{\"@context\":\"https:\/\/schema.org\",\"@graph\":[{\"@type\":\"WebPage\",\"@id\":\"https:\/\/effik.ch\/hcp\/neurologie\/\",\"url\":\"https:\/\/effik.ch\/hcp\/neurologie\/\",\"name\":\"Neurologie - EFFIK HCP\",\"isPartOf\":{\"@id\":\"https:\/\/effik.ch\/hcp\/#website\"},\"datePublished\":\"2024-03-14T19:08:42+00:00\",\"dateModified\":\"2025-06-09T14:24:03+00:00\",\"breadcrumb\":{\"@id\":\"https:\/\/effik.ch\/hcp\/neurologie\/#breadcrumb\"},\"inLanguage\":\"de\",\"potentialAction\":[{\"@type\":\"ReadAction\",\"target\":[\"https:\/\/effik.ch\/hcp\/neurologie\/\"]}]},{\"@type\":\"BreadcrumbList\",\"@id\":\"https:\/\/effik.ch\/hcp\/neurologie\/#breadcrumb\",\"itemListElement\":[{\"@type\":\"ListItem\",\"position\":1,\"name\":\"Home\",\"item\":\"https:\/\/effik.ch\/hcp\/\"},{\"@type\":\"ListItem\",\"position\":2,\"name\":\"Neurologie\"}]},{\"@type\":\"WebSite\",\"@id\":\"https:\/\/effik.ch\/hcp\/#website\",\"url\":\"https:\/\/effik.ch\/hcp\/\",\"name\":\"EFFIK HCP\",\"description\":\"\",\"potentialAction\":[{\"@type\":\"SearchAction\",\"target\":{\"@type\":\"EntryPoint\",\"urlTemplate\":\"https:\/\/effik.ch\/hcp\/?s={search_term_string}\"},\"query-input\":{\"@type\":\"PropertyValueSpecification\",\"valueRequired\":true,\"valueName\":\"search_term_string\"}}],\"inLanguage\":\"de\"}]}<\/script>\n<!-- \/ Yoast SEO plugin. -->","yoast_head_json":{"title":"Neurologie - EFFIK HCP","robots":{"index":"index","follow":"follow","max-snippet":"max-snippet:-1","max-image-preview":"max-image-preview:large","max-video-preview":"max-video-preview:-1"},"canonical":"https:\/\/effik.ch\/hcp\/neurologie\/","og_locale":"de_DE","og_type":"article","og_title":"Neurologie - EFFIK HCP","og_url":"https:\/\/effik.ch\/hcp\/neurologie\/","og_site_name":"EFFIK HCP","article_modified_time":"2025-06-09T14:24:03+00:00","twitter_card":"summary_large_image","schema":{"@context":"https:\/\/schema.org","@graph":[{"@type":"WebPage","@id":"https:\/\/effik.ch\/hcp\/neurologie\/","url":"https:\/\/effik.ch\/hcp\/neurologie\/","name":"Neurologie - EFFIK HCP","isPartOf":{"@id":"https:\/\/effik.ch\/hcp\/#website"},"datePublished":"2024-03-14T19:08:42+00:00","dateModified":"2025-06-09T14:24:03+00:00","breadcrumb":{"@id":"https:\/\/effik.ch\/hcp\/neurologie\/#breadcrumb"},"inLanguage":"de","potentialAction":[{"@type":"ReadAction","target":["https:\/\/effik.ch\/hcp\/neurologie\/"]}]},{"@type":"BreadcrumbList","@id":"https:\/\/effik.ch\/hcp\/neurologie\/#breadcrumb","itemListElement":[{"@type":"ListItem","position":1,"name":"Home","item":"https:\/\/effik.ch\/hcp\/"},{"@type":"ListItem","position":2,"name":"Neurologie"}]},{"@type":"WebSite","@id":"https:\/\/effik.ch\/hcp\/#website","url":"https:\/\/effik.ch\/hcp\/","name":"EFFIK HCP","description":"","potentialAction":[{"@type":"SearchAction","target":{"@type":"EntryPoint","urlTemplate":"https:\/\/effik.ch\/hcp\/?s={search_term_string}"},"query-input":{"@type":"PropertyValueSpecification","valueRequired":true,"valueName":"search_term_string"}}],"inLanguage":"de"}]}},"_links":{"self":[{"href":"https:\/\/effik.ch\/hcp\/wp-json\/wp\/v2\/pages\/87","targetHints":{"allow":["GET"]}}],"collection":[{"href":"https:\/\/effik.ch\/hcp\/wp-json\/wp\/v2\/pages"}],"about":[{"href":"https:\/\/effik.ch\/hcp\/wp-json\/wp\/v2\/types\/page"}],"author":[{"embeddable":true,"href":"https:\/\/effik.ch\/hcp\/wp-json\/wp\/v2\/users\/1"}],"replies":[{"embeddable":true,"href":"https:\/\/effik.ch\/hcp\/wp-json\/wp\/v2\/comments?post=87"}],"version-history":[{"count":6,"href":"https:\/\/effik.ch\/hcp\/wp-json\/wp\/v2\/pages\/87\/revisions"}],"predecessor-version":[{"id":2090,"href":"https:\/\/effik.ch\/hcp\/wp-json\/wp\/v2\/pages\/87\/revisions\/2090"}],"wp:attachment":[{"href":"https:\/\/effik.ch\/hcp\/wp-json\/wp\/v2\/media?parent=87"}],"curies":[{"name":"wp","href":"https:\/\/api.w.org\/{rel}","templated":true}]}}

<div id="block_4d7a9be089c771800b3f72f783d7341f" class="hero-block alignfull" style="background-image: url(https://effik.ch/hcp/wp-content/uploads/sites/2/2024/03/neuro-hero-bg.jpg)">
	<div class="wrap">
		<img loading="lazy" decoding="async" width="100" height="100" src="https://effik.ch/hcp/wp-content/uploads/sites/2/2024/03/neuro-icon.svg" class="hero-icon " alt="" />		<h1 class="entry-title">Neurologie</h1>
			</div>
</div>


<div id="block_6907dc69bc44f750dd869d7b349c46d1" class="hero-text-block mbl-border-0 alignfull" style="">
	<div class="wrap">
							<div class="hero-text"><p>Die Neurologie beschäftigt sich mit dem Verständnis und der Behandlung von Krankheiten, die mit dem Nervensystem zusammenhängen.</p>
<p>In diesem Bereich stellen Neurodegenerative Erkrankungen wie Alzheimer, Parkinson und Amyotrophe Lateralsklerose (ALS) eine der wichtigsten Herausforderungen dar. Bei diesen Krankheiten findet ein fortschreitender Verlust von Nervenzellen (Neurodegeneration) statt, welcher zu schwerwiegenden Symptomen führt.</p>
<p>Auch wenn es für einige dieser Krankheiten noch keine Heilung gibt, stehen Fachärzten in der Neurologie verschiedene Strategien zur Verfügung, den Verlauf der Krankheit zu verlangsamen oder die Symptome zu behandeln. Bei der Entscheidungsfindung für die bestmögliche Therapie ist vor allem ein guter Dialog und eine patientenzentrierte Pflege, die auf die individuellen Bedürfnisse der Patienten eingeht, unentbehrlich.</p>
</div>
			</div>
</div>


<div id="block_32ab14da45ebf39aaa4aed8590e52a25" class="inner-hero-block mbl-big-bg-left alignfull hero-mbl-column" style="background-image: url(https://effik.ch/hcp/wp-content/uploads/sites/2/2024/03/neuro-section1.jpg)">
<div class="anchor-div"></div>

				<div class="inner-hero-bg-mbl" style="background-image: url(https://effik.ch/hcp/wp-content/uploads/sites/2/2024/03/neuro-section1.jpg)">

						</div>
	<div class="wrap" style="flex-direction: row;">
		<div class="content-container" style="text-align: right;">
						<h2 class="section-title">Amyotrophe<br />
Lateralsklerose</h2>
									<div class="section-content font-medium" style="max-width: 473px; align-self: flex-end;"><p>Die amyotrophe Lateralsklerose (ALS) ist eine progressive, neurodegenerative Erkrankung, bei welcher die Nervenzellen, die für die Muskel- und Bewegungskontrolle zuständig sind, geschädigt werden.</p>
</div>
										<a class="blue-button" style="align-self: flex-end;" href="https://effik.ch/hcp/neurologie/amyotrophe-lateralsklerose/" target="_self">Erfahren Sie mehr</a>
					</div>
	</div>
</div>
<style>
	.inner-hero-block {
		@media (min-width: 768px) {
		aspect-ratio: 1440 / 499; 
		min-height: 499px;
		}
	}
</style>
